{"id":12,"date":"2015-11-09T16:47:02","date_gmt":"2015-11-09T16:47:02","guid":{"rendered":"http:\/\/www.hhmaster.com\/RumboProm\/?page_id=12"},"modified":"2024-10-02T17:11:36","modified_gmt":"2024-10-02T17:11:36","slug":"inicio","status":"publish","type":"page","link":"https:\/\/sacimx.com.mx\/m\/","title":{"rendered":"Inicio"},"content":{"rendered":"<p><div id='full_slider_1'  class='avia-fullwidth-slider main_color avia-shadow   avia-builder-el-0  el_before_av_section  avia-builder-el-first   container_wrap sidebar_right'  >\n<style type=\"text\/css\" data-created_by=\"avia_inline_auto\" id=\"style-css-av-2jj2k-e83179430a7660aa90461573c32d9c54\">\n#top #wrap_all .avia-slideshow .av-slideshow-caption.av-2jj2k-e83179430a7660aa90461573c32d9c54__0 .avia-caption-title{\nfont-size:28px;\ncolor:#ffffff;\n}\n#top .avia-slideshow .av-slideshow-caption.av-2jj2k-e83179430a7660aa90461573c32d9c54__0 .avia-caption-content{\nfont-size:24px;\ncolor:#ffffff;\n}\n#top .avia-slideshow .av-slideshow-caption.av-2jj2k-e83179430a7660aa90461573c32d9c54__0 .avia-caption-content p{\nfont-size:24px;\n}\n#top #wrap_all .avia-slideshow .av-slideshow-caption.av-2jj2k-e83179430a7660aa90461573c32d9c54__1 .avia-caption-title{\nfont-size:28px;\ncolor:#ffffff;\n}\n#top .avia-slideshow .av-slideshow-caption.av-2jj2k-e83179430a7660aa90461573c32d9c54__1 .avia-caption-content{\nfont-size:24px;\ncolor:#ffffff;\n}\n#top .avia-slideshow .av-slideshow-caption.av-2jj2k-e83179430a7660aa90461573c32d9c54__1 .avia-caption-content p{\nfont-size:24px;\n}\n#top #wrap_all .avia-slideshow .av-slideshow-caption.av-2jj2k-e83179430a7660aa90461573c32d9c54__2 .avia-caption-title{\nfont-size:28px;\ncolor:#ffffff;\n}\n#top .avia-slideshow .av-slideshow-caption.av-2jj2k-e83179430a7660aa90461573c32d9c54__2 .avia-caption-content{\nfont-size:24px;\ncolor:#ffffff;\n}\n#top .avia-slideshow .av-slideshow-caption.av-2jj2k-e83179430a7660aa90461573c32d9c54__2 .avia-caption-content p{\nfont-size:24px;\n}\n<\/style>\n<div  class='avia-slideshow av-2jj2k-e83179430a7660aa90461573c32d9c54 avia-slideshow-no scaling av_slideshow_full avia-fade-slider av-slideshow-ui av-control-default av-slideshow-autoplay av-loop-endless av-loop-manual-endless av-default-height-applied   avia-slideshow-1' data-slideshow-options=\"{&quot;animation&quot;:&quot;fade&quot;,&quot;autoplay&quot;:true,&quot;loop_autoplay&quot;:&quot;endless&quot;,&quot;interval&quot;:5,&quot;loop_manual&quot;:&quot;manual-endless&quot;,&quot;autoplay_stopper&quot;:false,&quot;noNavigation&quot;:false,&quot;bg_slider&quot;:false,&quot;keep_padding&quot;:false,&quot;hoverpause&quot;:false,&quot;show_slide_delay&quot;:0}\"  itemprop=\"image\" itemscope=\"itemscope\" itemtype=\"https:\/\/schema.org\/ImageObject\" ><ul class='avia-slideshow-inner ' style='padding-bottom: 28.28125%;'><li  class='avia-slideshow-slide av-2jj2k-e83179430a7660aa90461573c32d9c54__0  slide-1 slide-odd'><div data-rel='slideshow-1' class='avia-slide-wrap '   ><div class='av-slideshow-caption av-2jj2k-e83179430a7660aa90461573c32d9c54__0 caption_fullwidth caption_left caption_left_framed caption_framed'><div class=\"container caption_container\"><div class=\"slideshow_caption\"><div class=\"slideshow_inner_caption\"><div class=\"slideshow_align_caption\"><h2 class='avia-caption-title '  itemprop=\"name\" >SERVICIO DE INGENIERIA<\/h2><div class='avia-caption-content av_inherit_color'  itemprop=\"description\" ><p>confiable gracias a nuestra<br \/>\ncapacitaci\u00f3n continua.<\/p>\n<\/div><\/div><\/div><\/div><\/div><\/div><img class=\"wp-image-712 avia-img-lazy-loading-not-712\"  src='https:\/\/sacimx.com.mx\/m\/wp-content\/uploads\/2015\/11\/s3.jpg' width='1920' height='543' title='s3' alt=''  itemprop=\"thumbnailUrl\"   \/><\/div><\/li><li  class='avia-slideshow-slide av-2jj2k-e83179430a7660aa90461573c32d9c54__1  slide-2 slide-even'><div data-rel='slideshow-1' class='avia-slide-wrap '   ><div class='av-slideshow-caption av-2jj2k-e83179430a7660aa90461573c32d9c54__1 caption_fullwidth caption_left caption_left_framed caption_framed'><div class=\"container caption_container\"><div class=\"slideshow_caption\"><div class=\"slideshow_inner_caption\"><div class=\"slideshow_align_caption\"><h2 class='avia-caption-title '  itemprop=\"name\" >PERSONAL CAPACITADO<\/h2><div class='avia-caption-content av_inherit_color'  itemprop=\"description\" ><p>para nuestras \u00e1reas de ingenier\u00eda,<br \/>\nsoporte y mantenimiento.<\/p>\n<\/div><\/div><\/div><\/div><\/div><\/div><img class=\"wp-image-711 avia-img-lazy-loading-not-711\"  src='https:\/\/sacimx.com.mx\/m\/wp-content\/uploads\/2015\/11\/s2.jpg' width='1920' height='543' title='s2' alt=''  itemprop=\"thumbnailUrl\"   \/><\/div><\/li><li  class='avia-slideshow-slide av-2jj2k-e83179430a7660aa90461573c32d9c54__2  slide-3 slide-odd'><div data-rel='slideshow-1' class='avia-slide-wrap '   ><div class='av-slideshow-caption av-2jj2k-e83179430a7660aa90461573c32d9c54__2 caption_fullwidth caption_left caption_left_framed caption_framed'><div class=\"container caption_container\"><div class=\"slideshow_caption\"><div class=\"slideshow_inner_caption\"><div class=\"slideshow_align_caption\"><h2 class='avia-caption-title '  itemprop=\"name\" >PRODUCTOS Y SERVICIOS<\/h2><div class='avia-caption-content av_inherit_color'  itemprop=\"description\" ><p>Con la mejor calidad y<br \/>\nla m\u00e1s amplia experiencia<\/p>\n<\/div><\/div><\/div><\/div><\/div><\/div><img class=\"wp-image-710 avia-img-lazy-loading-not-710\"  src='https:\/\/sacimx.com.mx\/m\/wp-content\/uploads\/2015\/11\/s1.jpg' width='1920' height='543' title='s1' alt=''  itemprop=\"thumbnailUrl\"   \/><\/div><\/li><\/ul><div class='avia-slideshow-arrows avia-slideshow-controls' ><a href='#prev' class='prev-slide ' aria-hidden='true' data-av_icon='\ue87c' data-av_iconfont='entypo-fontello'  tabindex='-1'>Anterior<\/a><a href='#next' class='next-slide ' aria-hidden='true' data-av_icon='\ue87d' data-av_iconfont='entypo-fontello'  tabindex='-1'>Posterior<\/a><\/div><div class='avia-slideshow-dots avia-slideshow-controls'><a href='#1' class='goto-slide active' >1<\/a><a href='#2' class='goto-slide ' >2<\/a><a href='#3' class='goto-slide ' >3<\/a><\/div><\/div><\/div><br \/>\n\n<style type=\"text\/css\" data-created_by=\"avia_inline_auto\" id=\"style-css-av-3vbyw1m-1eec29c9aa5b5dd970eaaf1b9599068d\">\n.avia-section.av-3vbyw1m-1eec29c9aa5b5dd970eaaf1b9599068d{\nbackground-repeat:no-repeat;\nbackground-image:url(https:\/\/sacimx.com.mx\/m\/wp-content\/uploads\/2018\/07\/bg-010.jpg);\nbackground-position:50% 100%;\nbackground-attachment:fixed;\n}\n.avia-section.av-3vbyw1m-1eec29c9aa5b5dd970eaaf1b9599068d .av-extra-border-element .av-extra-border-inner{\nbackground-color:#ed1c0d;\n}\n<\/style>\n<div id='av_section_1'  class='avia-section av-3vbyw1m-1eec29c9aa5b5dd970eaaf1b9599068d main_color avia-section-default avia-no-border-styling  avia-builder-el-1  el_after_av_slideshow_full  el_before_av_layout_row  avia-bg-style-fixed container_wrap sidebar_right'  data-section-bg-repeat='no-repeat'><div class='container av-section-cont-open' ><div class='template-page content  av-content-small alpha units'><div class='post-entry post-entry-type-page post-entry-12'><div class='entry-content-wrapper clearfix'>\n\n<style type=\"text\/css\" data-created_by=\"avia_inline_auto\" id=\"style-css-av-8iekc-4956eac3792ba489daf42f77a466b6b3\">\n.flex_column.av-8iekc-4956eac3792ba489daf42f77a466b6b3{\nborder-radius:0px 0px 0px 0px;\npadding:0px 0px 0px 0px;\n}\n<\/style>\n<div  class='flex_column av-8iekc-4956eac3792ba489daf42f77a466b6b3 av_one_half  avia-builder-el-2  el_before_av_one_half  avia-builder-el-first  first flex_column_div av-zero-column-padding  '     ><p><section  class='av_textblock_section av-7zero-5e0e5f56340a0d37fe969d9516929b43 '   itemscope=\"itemscope\" itemtype=\"https:\/\/schema.org\/CreativeWork\" ><div class='avia_textblock'  itemprop=\"text\" ><p><span style=\"font-family: arial,helvetica,sans-serif; font-size: 24pt; color: #000000;\"><img loading=\"lazy\" decoding=\"async\" class=\"size-full wp-image-794 alignleft\" src=\"https:\/\/sacimx.com.mx\/m\/wp-content\/uploads\/2015\/11\/saci.png\" alt=\"saci\" width=\"165\" height=\"159\" srcset=\"https:\/\/sacimx.com.mx\/m\/wp-content\/uploads\/2015\/11\/saci.png 165w, https:\/\/sacimx.com.mx\/m\/wp-content\/uploads\/2015\/11\/saci-36x36.png 36w\" sizes=\"auto, (max-width: 165px) 100vw, 165px\" \/><\/span><br \/>\n<span style=\"font-family: arial,helvetica,sans-serif; font-size: 12pt;\">\u00a0\u00a0\u00a0\u00a0\u00a0\u00a0\u00a0\u00a0\u00a0\u00a0\u00a0 <\/span><br \/>\n<span style=\"font-family: arial,helvetica,sans-serif; font-size: 24pt; color: #000000;\">BIENVENIDOS<\/span><br \/>\n<span style=\"font-family: arial,helvetica,sans-serif; font-size: 18pt; color: #ff0000;\">SACI<\/span><br \/>\n<span style=\"font-family: arial,helvetica,sans-serif; font-size: 12pt;\"><span style=\"color: #000000;\">SACI Sistemas Autom\u00e1ticos Contra Incendio, S.A de C.V.<\/span> <\/span><\/p>\n<\/div><\/section><br \/>\n\n<style type=\"text\/css\" data-created_by=\"avia_inline_auto\" id=\"style-css-av-7n3y0-a1e066b9a44bda57c7acf41a9afb2f73\">\n#top .hr.hr-invisible.av-7n3y0-a1e066b9a44bda57c7acf41a9afb2f73{\nheight:25px;\n}\n<\/style>\n<div  class='hr av-7n3y0-a1e066b9a44bda57c7acf41a9afb2f73 hr-invisible  avia-builder-el-4  el_after_av_textblock  el_before_av_textblock '><span class='hr-inner '><span class=\"hr-inner-style\"><\/span><\/span><\/div><br \/>\n<section  class='av_textblock_section av-2f1o-5fa2d56e7e4fc64a4e4b78db336a9fea '   itemscope=\"itemscope\" itemtype=\"https:\/\/schema.org\/CreativeWork\" ><div class='avia_textblock'  itemprop=\"text\" ><p><strong><span style=\"font-family: arial,helvetica,sans-serif; font-size: 14pt; color: #ff0000;\"><img loading=\"lazy\" decoding=\"async\" class=\"alignleft size-full wp-image-708\" src=\"https:\/\/sacimx.com.mx\/m\/wp-content\/uploads\/2016\/10\/saci_03.png\" alt=\"saci_03\" width=\"44\" height=\"56\" \/>Empresa l\u00edder en el ramo<\/span><\/strong><br \/>\n<span style=\"font-family: arial,helvetica,sans-serif; color: #000000;\">con m\u00e1s de 30 a\u00f1os de experiencia.<\/span><\/p>\n<\/div><\/section><br \/>\n<section  class='av_textblock_section av-ne28-a58305a8334aa368cdaece88050a0dd3 '   itemscope=\"itemscope\" itemtype=\"https:\/\/schema.org\/CreativeWork\" ><div class='avia_textblock'  itemprop=\"text\" ><p><img loading=\"lazy\" decoding=\"async\" class=\"alignleft size-full wp-image-799\" src=\"https:\/\/sacimx.com.mx\/m\/wp-content\/uploads\/2015\/11\/saci_17.png\" alt=\"saci_17\" width=\"239\" height=\"156\" \/><img loading=\"lazy\" decoding=\"async\" class=\"alignleft wp-image-802\" src=\"https:\/\/sacimx.com.mx\/m\/wp-content\/uploads\/2015\/11\/saci0.png\" alt=\"saci0\" width=\"25\" height=\"25\" srcset=\"https:\/\/sacimx.com.mx\/m\/wp-content\/uploads\/2015\/11\/saci0.png 50w, https:\/\/sacimx.com.mx\/m\/wp-content\/uploads\/2015\/11\/saci0-36x36.png 36w\" sizes=\"auto, (max-width: 25px) 100vw, 25px\" \/> <img loading=\"lazy\" decoding=\"async\" class=\"alignleft size-full wp-image-800\" src=\"https:\/\/sacimx.com.mx\/m\/wp-content\/uploads\/2015\/11\/saci_19.png\" alt=\"saci_19\" width=\"240\" height=\"156\" \/><\/p>\n<\/div><\/section><br \/>\n\n<style type=\"text\/css\" data-created_by=\"avia_inline_auto\" id=\"style-css-av-5p9qw-a00aa709b0cb74ef837fa5b20c4021bf\">\n#top .hr.hr-invisible.av-5p9qw-a00aa709b0cb74ef837fa5b20c4021bf{\nheight:15px;\n}\n<\/style>\n<div  class='hr av-5p9qw-a00aa709b0cb74ef837fa5b20c4021bf hr-invisible  avia-builder-el-7  el_after_av_textblock  el_before_av_textblock '><span class='hr-inner '><span class=\"hr-inner-style\"><\/span><\/span><\/div><br \/>\n<section  class='av_textblock_section av-idyw-9e578297974416d694ae3c110b9f7697 '   itemscope=\"itemscope\" itemtype=\"https:\/\/schema.org\/CreativeWork\" ><div class='avia_textblock'  itemprop=\"text\" ><p style=\"text-align: justify;\"><span style=\"font-family: arial, helvetica, sans-serif; font-size: 12pt; color: #000000;\">Somos una empresa 100% mexicana, l\u00edder en sistemas de protecci\u00f3n contra incendio, s\u00f3lida, estable, capaz de satisfacer las necesidades de nuestros clientes y los retos que conlleva cada proyecto.<\/span><\/p>\n<p style=\"text-align: justify;\"><span style=\"font-family: arial, helvetica, sans-serif; font-size: 12pt; color: #000000;\">Nuestra empresa cuenta con un respaldo de m\u00e1s de 30 a\u00f1os de experiencia conjunta, que d\u00eda a d\u00eda tanto nuestros ingenieros como t\u00e9cnicos especializados reflejan en la calidad de nuestro trabajo, productos y los servicios que ofrecemos.<\/span><\/p>\n<\/div><\/section><br \/>\n\n<style type=\"text\/css\" data-created_by=\"avia_inline_auto\" id=\"style-css-av-4drk8-d112145624d5c7b87dd21e72d0019d1d\">\n#top .hr.hr-invisible.av-4drk8-d112145624d5c7b87dd21e72d0019d1d{\nheight:15px;\n}\n<\/style>\n<div  class='hr av-4drk8-d112145624d5c7b87dd21e72d0019d1d hr-invisible  avia-builder-el-9  el_after_av_textblock  avia-builder-el-last '><span class='hr-inner '><span class=\"hr-inner-style\"><\/span><\/span><\/div><\/p><\/div>\n<style type=\"text\/css\" data-created_by=\"avia_inline_auto\" id=\"style-css-av-340hs-1bb9e3fc39ef5ce35f2fabc45f336f32\">\n.flex_column.av-340hs-1bb9e3fc39ef5ce35f2fabc45f336f32{\nborder-radius:0px 0px 0px 0px;\npadding:0px 0px 0px 0px;\n}\n<\/style>\n<div  class='flex_column av-340hs-1bb9e3fc39ef5ce35f2fabc45f336f32 av_one_half  avia-builder-el-10  el_after_av_one_half  el_before_av_hr  flex_column_div av-zero-column-padding  '     ><p>\n<style type=\"text\/css\" data-created_by=\"avia_inline_auto\" id=\"style-css-av-2sph0-3507bfd594a808e5f216005b2b3a0e35\">\n#top .hr.hr-invisible.av-2sph0-3507bfd594a808e5f216005b2b3a0e35{\nheight:35px;\n}\n<\/style>\n<div  class='hr av-2sph0-3507bfd594a808e5f216005b2b3a0e35 hr-invisible  avia-builder-el-11  el_before_av_textblock  avia-builder-el-first '><span class='hr-inner '><span class=\"hr-inner-style\"><\/span><\/span><\/div><br \/>\n<section  class='av_textblock_section av-2a43s-6fd0ef10633e84f179998dd4c3fc6aff '   itemscope=\"itemscope\" itemtype=\"https:\/\/schema.org\/CreativeWork\" ><div class='avia_textblock'  itemprop=\"text\" ><p style=\"text-align: right;\"><strong><span style=\"font-family: arial,helvetica,sans-serif; font-size: 24pt; color: #000000;\"><img loading=\"lazy\" decoding=\"async\" class=\"alignright wp-image-2484\" src=\"https:\/\/sacimx.com.mx\/m\/wp-content\/uploads\/2021\/12\/contacto2-e1640800266211.png\" alt=\"\" width=\"310\" height=\"102\" srcset=\"https:\/\/sacimx.com.mx\/m\/wp-content\/uploads\/2021\/12\/contacto2-e1640800266211.png 808w, https:\/\/sacimx.com.mx\/m\/wp-content\/uploads\/2021\/12\/contacto2-e1640800266211-300x99.png 300w, https:\/\/sacimx.com.mx\/m\/wp-content\/uploads\/2021\/12\/contacto2-e1640800266211-768x253.png 768w, https:\/\/sacimx.com.mx\/m\/wp-content\/uploads\/2021\/12\/contacto2-e1640800266211-705x232.png 705w\" sizes=\"auto, (max-width: 310px) 100vw, 310px\" \/><\/span><\/strong><\/p>\n<\/div><\/section><br \/>\n<section  class='av_textblock_section av-kxrudito-adb6eaba6e8d080b42c920126b5d8015 '   itemscope=\"itemscope\" itemtype=\"https:\/\/schema.org\/CreativeWork\" ><div class='avia_textblock'  itemprop=\"text\" ><p style=\"text-align: right;\"><strong><span style=\"font-family: arial,helvetica,sans-serif; font-size: 24pt; color: #000000;\"><img loading=\"lazy\" decoding=\"async\" class=\"alignright wp-image-2485\" src=\"https:\/\/sacimx.com.mx\/m\/wp-content\/uploads\/2021\/12\/whats.png\" alt=\"\" width=\"310\" height=\"97\" srcset=\"https:\/\/sacimx.com.mx\/m\/wp-content\/uploads\/2021\/12\/whats.png 853w, https:\/\/sacimx.com.mx\/m\/wp-content\/uploads\/2021\/12\/whats-300x94.png 300w, https:\/\/sacimx.com.mx\/m\/wp-content\/uploads\/2021\/12\/whats-768x239.png 768w, https:\/\/sacimx.com.mx\/m\/wp-content\/uploads\/2021\/12\/whats-845x266.png 845w, https:\/\/sacimx.com.mx\/m\/wp-content\/uploads\/2021\/12\/whats-705x220.png 705w\" sizes=\"auto, (max-width: 310px) 100vw, 310px\" \/><\/span><\/strong><\/p>\n<\/div><\/section><br \/>\n\n<style type=\"text\/css\" data-created_by=\"avia_inline_auto\" id=\"style-css-av-1j0c0-5c32771812b838ab1dbf5be1221beafa\">\n#top .hr.hr-invisible.av-1j0c0-5c32771812b838ab1dbf5be1221beafa{\nheight:25px;\n}\n<\/style>\n<div  class='hr av-1j0c0-5c32771812b838ab1dbf5be1221beafa hr-invisible  avia-builder-el-14  el_after_av_textblock  el_before_av_textblock '><span class='hr-inner '><span class=\"hr-inner-style\"><\/span><\/span><\/div><br \/>\n<section  class='av_textblock_section av-16qa4-0deb4b2fe99031b75a6bd39dc409c7ae '   itemscope=\"itemscope\" itemtype=\"https:\/\/schema.org\/CreativeWork\" ><div class='avia_textblock'  itemprop=\"text\" ><p style=\"text-align: right;\"><strong><span style=\"font-family: arial,helvetica,sans-serif; font-size: 24pt; color: #000000;\">No. Duns 812841231<\/span><\/strong><\/p>\n<\/div><\/section><br \/>\n\n<style type=\"text\/css\" data-created_by=\"avia_inline_auto\" id=\"style-css-av-1ndnw-ec914209b588bf449435be41bec36925\">\n#top .hr.hr-invisible.av-1ndnw-ec914209b588bf449435be41bec36925{\nheight:60px;\n}\n<\/style>\n<div  class='hr av-1ndnw-ec914209b588bf449435be41bec36925 hr-invisible  avia-builder-el-16  el_after_av_textblock  el_before_av_masonry_gallery  avia-builder-el-last '><span class='hr-inner '><span class=\"hr-inner-style\"><\/span><\/span><\/div><br \/>\n<div id='av-masonry-1' class='av-masonry av-157vs-57158fbcba40f5df6cecd4066a5bb01a noHover av-flex-size av-large-gap av-hover-overlay- av-masonry-animation-active av-masonry-col-2 av-caption-always av-caption-style- av-masonry-gallery ' data-post_id=\"12\"><div class=\"av-masonry-container isotope av-js-disabled\"><div class='av-masonry-entry isotope-item av-masonry-item-no-image '><\/div><a href=\" https:\/\/sacimx.com.mx\/m\/productos\/soluciones\/\"  aria-label=\"image saci_14\"  id='av-masonry-1-item-807' data-av-masonry-item='807' class='av-masonry-entry isotope-item post-807 attachment type-attachment status-inherit hentry  av-masonry-item-with-image' title=\"saci_14\" alt=\"\"  data-av-masonry-custom-link=\"https:\/\/sacimx.com.mx\/m\/productos\/soluciones\/\"  itemprop=\"thumbnailUrl\" ><div class='av-inner-masonry-sizer'><\/div><figure class='av-inner-masonry main_color'><div class=\"av-masonry-outerimage-container\"><div class='av-masonry-image-container'   ><img decoding=\"async\" width=\"188\" height=\"348\" class=\"wp-image-807 avia-img-lazy-loading-not-807\"  src=\"https:\/\/sacimx.com.mx\/m\/wp-content\/uploads\/2015\/11\/saci_14.png\" title=\"saci_14\" alt=\"\" srcset=\"https:\/\/sacimx.com.mx\/m\/wp-content\/uploads\/2015\/11\/saci_14.png 188w, https:\/\/sacimx.com.mx\/m\/wp-content\/uploads\/2015\/11\/saci_14-162x300.png 162w\" sizes=\"(max-width: 188px) 100vw, 188px\" \/><\/div><\/div><\/figure><\/a><!--end av-masonry entry--><a href=\"https:\/\/sacimx.com.mx\/m\/servicios\/\"  aria-label=\"image saci_11\"  id='av-masonry-1-item-806' data-av-masonry-item='806' class='av-masonry-entry isotope-item post-806 attachment type-attachment status-inherit hentry  av-masonry-item-with-image' title=\"saci_11\" alt=\"\"  data-av-masonry-custom-link=\"https:\/\/sacimx.com.mx\/m\/servicios\/\"  itemprop=\"thumbnailUrl\" ><div class='av-inner-masonry-sizer'><\/div><figure class='av-inner-masonry main_color'><div class=\"av-masonry-outerimage-container\"><div class='av-masonry-image-container'   ><img decoding=\"async\" width=\"188\" height=\"349\" class=\"wp-image-806 avia-img-lazy-loading-not-806\"  src=\"https:\/\/sacimx.com.mx\/m\/wp-content\/uploads\/2015\/11\/saci_11.png\" title=\"saci_11\" alt=\"\" srcset=\"https:\/\/sacimx.com.mx\/m\/wp-content\/uploads\/2015\/11\/saci_11.png 188w, https:\/\/sacimx.com.mx\/m\/wp-content\/uploads\/2015\/11\/saci_11-162x300.png 162w\" sizes=\"(max-width: 188px) 100vw, 188px\" \/><\/div><\/div><\/figure><\/a><!--end av-masonry entry--><\/div><\/div><\/p><\/div>\n<style type=\"text\/css\" data-created_by=\"avia_inline_auto\" id=\"style-css-av-4drk8-ce85d8124aa35ecd97c3b840ee3a0331\">\n#top .hr.hr-invisible.av-4drk8-ce85d8124aa35ecd97c3b840ee3a0331{\nheight:100px;\n}\n<\/style>\n<div  class='hr av-4drk8-ce85d8124aa35ecd97c3b840ee3a0331 hr-invisible  avia-builder-el-18  el_after_av_one_half  avia-builder-el-last '><span class='hr-inner '><span class=\"hr-inner-style\"><\/span><\/span><\/div>\n<br \/>\n<\/div><\/div><\/div><!-- close content main div --><\/div><div class='av-extra-border-element border-extra-diagonal  '><div class='av-extra-border-outer'><div class='av-extra-border-inner'><\/div><\/div><\/div><\/div>\n<style type=\"text\/css\" data-created_by=\"avia_inline_auto\" id=\"style-css-av-4cod4-0497f666dbfee04398188ba666fb36e5\">\n.avia-section.av-4cod4-0497f666dbfee04398188ba666fb36e5{\nbackground-color:#1c1c1c;\nbackground-image:unset;\n}\n<\/style>\n<div id='av_section_2'  class='avia-section av-4cod4-0497f666dbfee04398188ba666fb36e5 main_color avia-section-small avia-no-border-styling avia-bg-style-scroll container_wrap sidebar_right'  ><div class='container av-section-cont-open' ><div class='template-page content  av-content-small alpha units'><div class='post-entry post-entry-type-page post-entry-12'><div class='entry-content-wrapper clearfix'>\n<div class='flex_column_table av-d8mo-74e2a7f0a3f28f60353c989dd06a78b8 sc-av_three_fifth av-equal-height-column-flextable'><div  class='flex_column av-d8mo-74e2a7f0a3f28f60353c989dd06a78b8 av_three_fifth first flex_column_table_cell av-equal-height-column av-align-middle  '     ><section  class='av_textblock_section av-3irfo-a327f8dcae059a81b956651984890353 '   itemscope=\"itemscope\" itemtype=\"https:\/\/schema.org\/CreativeWork\" ><div class='avia_textblock'  itemprop=\"text\" ><div class=\"flex_column first el_before_\">\n<section id=\"text-2\" class=\"widget clearfix widget_text\">\n<h3 class=\"widgettitle\" style=\"text-align: justify;\"><span style=\"color: #ffffff;\">SACI | Sistemas Autom\u00e1ticos Contra Incendio<\/span><\/h3>\n<p style=\"text-align: justify;\"><span style=\"font-family: helvetica, arial, sans-serif; font-size: 12pt;\"><span style=\"color: #ffffff;\">Tels. 55-5344-50-62, 55-5344-51-00, 55-5344-51-05 y 55-5343-59-63 <\/span><br \/>\n<span style=\"color: #ffffff;\">San Mateo Nopala #3 Col. Valle de San Mateo, Naucalpan de Ju\u00e1rez Edo. De M\u00e9xico. C.P. 53240<\/span><br \/>\n<\/span><br \/>\n<\/section>\n<\/div>\n<\/div><\/section><\/div><\/div><!--close column table wrapper. Autoclose: 1 --><div class='flex_column_table av-2v9dc-3731e3c901e2f756a825c65b77c8574f sc-av_one_fifth av-equal-height-column-flextable'><div class='av-flex-placeholder'><\/div><div  class='flex_column av-2v9dc-3731e3c901e2f756a825c65b77c8574f av_one_fifth flex_column_table_cell av-equal-height-column av-align-middle  '     ><style type=\"text\/css\" data-created_by=\"avia_inline_auto\" id=\"style-css-av-269ak-69f1dad691c882c6ca6374106acb30e1\">\n.av_font_icon.av-269ak-69f1dad691c882c6ca6374106acb30e1{\ncolor:#ffffff;\nborder-color:#ffffff;\n}\n.av_font_icon.av-269ak-69f1dad691c882c6ca6374106acb30e1 .av-icon-char{\nfont-size:30px;\nline-height:30px;\n}\n<\/style>\n<span  class='av_font_icon av-269ak-69f1dad691c882c6ca6374106acb30e1 avia_animate_when_visible av-icon-style- avia-icon-pos-right avia-icon-animate'><a href='https:\/\/www.facebook.com\/SACIcdmx\/'   class='av-icon-char' aria-hidden='true' data-av_icon='\ue8f3' data-av_iconfont='entypo-fontello' ><\/a><\/span><\/div><\/div><!--close column table wrapper. Autoclose: 1 --><div class='flex_column_table av-69bg-4c79a361564ebbed8227c3d0b690ab4f sc-av_one_fifth av-equal-height-column-flextable'><div class='av-flex-placeholder'><\/div><div  class='flex_column av-69bg-4c79a361564ebbed8227c3d0b690ab4f av_one_fifth flex_column_table_cell av-equal-height-column av-align-middle  '     ><style type=\"text\/css\" data-created_by=\"avia_inline_auto\" id=\"style-css-av-vaec-4506884590f5ece7e19a0337840ede33\">\n.av_font_icon.av-vaec-4506884590f5ece7e19a0337840ede33{\ncolor:#ffffff;\nborder-color:#ffffff;\n}\n.av_font_icon.av-vaec-4506884590f5ece7e19a0337840ede33 .av-icon-char{\nfont-size:30px;\nline-height:30px;\n}\n<\/style>\n<span  class='av_font_icon av-vaec-4506884590f5ece7e19a0337840ede33 avia_animate_when_visible av-icon-style- avia-icon-pos-left avia-icon-animate'><a href='https:\/\/www.linkedin.com\/company\/saci-sistemas-autom%C3%A1ticos-contra-incendio\/'   class='av-icon-char' aria-hidden='true' data-av_icon='\ue8fc' data-av_iconfont='entypo-fontello' ><\/a><\/span><\/div><\/div><!--close column table wrapper. Autoclose: 1 --><\/div><\/div><\/div><!-- close content main div --><\/div><\/div><div id='after_section_2'  class='main_color av_default_container_wrap container_wrap sidebar_right'  ><div class='container av-section-cont-open' ><div class='template-page content  av-content-small alpha units'><div class='post-entry post-entry-type-page post-entry-12'><div class='entry-content-wrapper clearfix'><\/p>\n","protected":false},"excerpt":{"rendered":"","protected":false},"author":2,"featured_media":0,"parent":0,"menu_order":1,"comment_status":"closed","ping_status":"closed","template":"","meta":{"footnotes":""},"class_list":["post-12","page","type-page","status-publish","hentry"],"_links":{"self":[{"href":"https:\/\/sacimx.com.mx\/m\/wp-json\/wp\/v2\/pages\/12","targetHints":{"allow":["GET"]}}],"collection":[{"href":"https:\/\/sacimx.com.mx\/m\/wp-json\/wp\/v2\/pages"}],"about":[{"href":"https:\/\/sacimx.com.mx\/m\/wp-json\/wp\/v2\/types\/page"}],"author":[{"embeddable":true,"href":"https:\/\/sacimx.com.mx\/m\/wp-json\/wp\/v2\/users\/2"}],"replies":[{"embeddable":true,"href":"https:\/\/sacimx.com.mx\/m\/wp-json\/wp\/v2\/comments?post=12"}],"version-history":[{"count":105,"href":"https:\/\/sacimx.com.mx\/m\/wp-json\/wp\/v2\/pages\/12\/revisions"}],"predecessor-version":[{"id":2558,"href":"https:\/\/sacimx.com.mx\/m\/wp-json\/wp\/v2\/pages\/12\/revisions\/2558"}],"wp:attachment":[{"href":"https:\/\/sacimx.com.mx\/m\/wp-json\/wp\/v2\/media?parent=12"}],"curies":[{"name":"wp","href":"https:\/\/api.w.org\/{rel}","templated":true}]}}